{"id":2660,"date":"2013-01-14T19:44:32","date_gmt":"2013-01-14T19:44:32","guid":{"rendered":"http:\/\/theme-fusion.com\/avada\/?page_id=2660"},"modified":"2023-04-12T16:25:14","modified_gmt":"2023-04-12T19:25:14","slug":"home-version-8","status":"publish","type":"page","link":"https:\/\/extintoresfirecruzeiro.com.br\/","title":{"rendered":"Home"},"content":{"rendered":"<div class=\"fusion-fullwidth fullwidth-box fusion-fullwidth-1  fusion-parallax-fixed nonhundred-percent-fullwidth\" style=\"border-color:#eaeaea;border-bottom-width: 1px;border-top-width: 1px;border-bottom-style: solid;border-top-style: solid;padding-bottom:0px;padding-top:45px;padding-left:;padding-right:;background-attachment:fixed;background-color:#f6f6f6;background-position:left top;background-repeat:no-repeat;-webkit-background-size:cover;-moz-background-size:cover;-o-background-size:cover;background-size:cover;-ms-filter: &quot;progid:DXImageTransform.Microsoft.AlphaImageLoader(src=&#039;http:\/\/extintoresfirecruzeiro.com.br\/wp-content\/uploads\/2014\/06\/bkgd13.jpg&#039;, sizingMethod=&#039;scale&#039;)&quot;;background-image: url(http:\/\/extintoresfirecruzeiro.com.br\/wp-content\/uploads\/2014\/06\/bkgd13.jpg);\"><style type=\"text\/css\" scoped=\"scoped\">.fusion-fullwidth-1 {\n                            padding-left: px !important;\n                            padding-right: px !important;\n                        }<\/style><div class=\"fusion-row\"><div class=\"fusion-one-fourth fusion-layout-column fusion-spacing-yes\" style=\"margin-top:0px;margin-bottom:20px;\"><div class=\"fusion-column-wrapper\"><div class=\"imageframe-align-center\"><span style=\"border:4px solid #dd3333;\" class=\"fusion-imageframe imageframe-none imageframe-1 hover-type-none\"><a href=\"http:\/\/extintoresfirecruzeiro.com.br\/wp-content\/uploads\/2013\/01\/baareira3_2017.png\" class=\"fusion-lightbox\" data-rel=\"iLightbox[d4e76a847b77820b6a4]\" data-title=\"baareira3_2017\"> <img decoding=\"async\" src=\"http:\/\/extintoresfirecruzeiro.com.br\/wp-content\/uploads\/2013\/01\/baareira3_2017.png\" alt=\"Sliders\" class=\"img-responsive\"\/><\/a><\/span><\/div><div class=\"fusion-sep-clear\"><\/div><div class=\"fusion-separator fusion-full-width-sep sep-none\" style=\"border-color:#e0dede;margin-left: auto;margin-right: auto;margin-top:18px;\"><\/div><h2>Inst. e Manuten\u00e7\u00e3o de Barras Anti P\u00e2nico<\/h2>\n<p style=\"text-align: justify;\">As barras anti-p\u00e2nico s\u00e3o dispositivos de seguran\u00e7a instalados em portas corta fogo e sa\u00eddas de emerg\u00eancia, com a fun\u00e7\u00e3o de facilitar ao m\u00e1ximo a sa\u00edda das pessoas e permitir o imediato destravamento da porta pela simples press\u00e3o exercida na barra.<\/p>\n<div class=\"fusion-clearfix\"><\/div><\/div><\/div><div class=\"fusion-one-fourth fusion-layout-column fusion-spacing-yes\" style=\"margin-top:0px;margin-bottom:20px;\"><div class=\"fusion-column-wrapper\"><div class=\"imageframe-align-center\"><span style=\"border:4px solid #dd3333;\" class=\"fusion-imageframe imageframe-bottomshadow imageframe-2 element-bottomshadow hover-type-none\"><a href=\"http:\/\/extintoresfirecruzeiro.com.br\/wp-content\/uploads\/2013\/01\/002.jpg\" class=\"fusion-lightbox\" data-rel=\"iLightbox[ec925e507a948e7fc11]\" data-title=\"Extintores Fire Cruzeiro\"> <img decoding=\"async\" src=\"http:\/\/extintoresfirecruzeiro.com.br\/wp-content\/uploads\/2013\/01\/002.jpg\" alt=\"\" class=\"img-responsive\"\/><\/a><\/span><\/div><div class=\"fusion-sep-clear\"><\/div><div class=\"fusion-separator fusion-full-width-sep sep-none\" style=\"border-color:#e0dede;margin-left: auto;margin-right: auto;margin-top:18px;\"><\/div><h2>Instala\u00e7\u00e3o de Central GLP<\/h2>\n<p style=\"text-align: justify;\">Denomina-se instala\u00e7\u00e3o central de g\u00e1s liquefeito de petr\u00f3leo &#8211; GLP, aquela que possui os recipientes localizados num ponto centralizado e distribui g\u00e1s atrav\u00e9s de tubula\u00e7\u00e3o apropriada at\u00e9 os pontos de consumo.<\/p>\n<div class=\"fusion-clearfix\"><\/div><\/div><\/div><div class=\"fusion-one-fourth fusion-layout-column fusion-spacing-yes\" style=\"margin-top:0px;margin-bottom:20px;\"><div class=\"fusion-column-wrapper\"><div class=\"imageframe-align-center\"><span style=\"border:4px solid #dd3333;\" class=\"fusion-imageframe imageframe-none imageframe-3 hover-type-none\"><a href=\"http:\/\/extintoresfirecruzeiro.com.br\/wp-content\/uploads\/2013\/01\/003.jpg\" class=\"fusion-lightbox\" data-rel=\"iLightbox[20a8d1a3180515e31d8]\" data-title=\"Extintores Fire Cruzeiro\"> <img decoding=\"async\" src=\"http:\/\/extintoresfirecruzeiro.com.br\/wp-content\/uploads\/2013\/01\/003.jpg\" alt=\"Options\" class=\"img-responsive\"\/><\/a><\/span><\/div><div class=\"fusion-sep-clear\"><\/div><div class=\"fusion-separator fusion-full-width-sep sep-none\" style=\"border-color:#e0dede;margin-left: auto;margin-right: auto;margin-top:18px;\"><\/div><h2>Extintores e Mangueiras<\/h2>\n<p>Comercializamos abrigos para Extintores e Mangueiras, com tratamento anti-corrosivo, decapada e fosfatizada.<\/p>\n<div class=\"fusion-clearfix\"><\/div><\/div><\/div><div class=\"fusion-one-fourth fusion-layout-column fusion-column-last fusion-spacing-yes\" style=\"margin-top:0px;margin-bottom:20px;\"><div class=\"fusion-column-wrapper\"><div class=\"imageframe-align-center\"><span style=\"border:4px solid #dd3333;\" class=\"fusion-imageframe imageframe-none imageframe-4 hover-type-none\"><a href=\"http:\/\/extintoresfirecruzeiro.com.br\/wp-content\/uploads\/2013\/01\/001.jpg\" class=\"fusion-lightbox\" data-rel=\"iLightbox[87f8d20d6e7bc519fcf]\" data-title=\"Extintores Fire Cruzeiro\"> <img decoding=\"async\" src=\"http:\/\/extintoresfirecruzeiro.com.br\/wp-content\/uploads\/2013\/01\/001.jpg\" alt=\"Design\" class=\"img-responsive\"\/><\/a><\/span><\/div><div class=\"fusion-sep-clear\"><\/div><div class=\"fusion-separator fusion-full-width-sep sep-none\" style=\"border-color:#e0dede;margin-left: auto;margin-right: auto;margin-top:18px;\"><\/div><h2>Testes Hidrost\u00e1tico<\/h2>\n<p>O comprimento da mangueira \u00e9 importante para garantir o alcance e a \u00e1rea de cobertura original.<\/p>\n<div class=\"fusion-clearfix\"><\/div><\/div><\/div><div class=\"fusion-clearfix\"><\/div><\/div><\/div><div class=\"fusion-fullwidth fullwidth-box fusion-fullwidth-2  fusion-parallax-fixed nonhundred-percent-fullwidth\" style=\"border-color:#eae9e9;border-bottom-width: 0px;border-top-width: 0px;border-bottom-style: solid;border-top-style: solid;padding-bottom:0px;padding-top:55px;padding-left:;padding-right:;background-color:#ffffff;\"><style type=\"text\/css\" scoped=\"scoped\">.fusion-fullwidth-2 {\n                            padding-left: px !important;\n                            padding-right: px !important;\n                        }<\/style><div class=\"fusion-row\"><style type='text\/css'>.reading-box-container-1 .element-bottomshadow:before,.reading-box-container-1 .element-bottomshadow:after{opacity:0.1;}<\/style><div class=\"fusion-reading-box-container reading-box-container-1\" style=\"margin-bottom:84px;\"><div class=\"reading-box\" style=\"background-color:#f6f6f6;border-width:1px;border-color:#f6f6f6;border-top-width:3px;border-top-color:#373435;border-style:solid;\"><a class=\"button fusion-button button-default button-square fusion-button-large button-large button-flat fusion-desktop-button continue continue-right\" style=\"-webkit-box-shadow:none;-moz-box-shadow:none;box-shadow:none;\" href=\"http:\/\/extintoresfirecruzeiro.com.br\/?page_id=10301\" target=\"_self\"><span>Contato<\/span><\/a><h2>Fire Cruzeiro - Sistemas de Combate a Inc\u00eandio. (Contato)<\/h2><div class=\"reading-box-description\">Entre em contato conosco por e-mail, telefone ou nos fa\u00e7a uma visita, e solicite um or\u00e7amento, temos um excelente atendimento, e \u00f3timos pre\u00e7os para voc\u00ea e\/ou sua empresa, trabalhamos com venda de produtos e servi\u00e7os, venha nos conhecer. <\/div><div class=\"reading-box-additional\"><\/div><a class=\"button fusion-button button-default button-square fusion-button-large button-large button-flat fusion-mobile-button continue-right\" style=\"-webkit-box-shadow:none;-moz-box-shadow:none;box-shadow:none;\" href=\"http:\/\/extintoresfirecruzeiro.com.br\/?page_id=10301\" target=\"_self\"><span>Contato<\/span><\/a><\/div><\/div><div class=\"fusion-sep-clear\"><\/div><div class=\"fusion-separator fusion-full-width-sep sep-none\" style=\"border-color:#e0dede;margin-left: auto;margin-right: auto;margin-top:-40px;\"><\/div><div class=\"fusion-one-half fusion-layout-column fusion-spacing-yes\" style=\"margin-top:0px;margin-bottom:20px;\"><div class=\"fusion-column-wrapper\"><p><iframe loading=\"lazy\" src=\"https:\/\/www.youtube.com\/embed\/IF53dRq-8BE\" width=\"560\" height=\"315\" frameborder=\"0\" allowfullscreen=\"allowfullscreen\"><\/iframe><\/p>\n<div class=\"fusion-clearfix\"><\/div><\/div><\/div><div class=\"fusion-one-half fusion-layout-column fusion-column-last fusion-spacing-yes\" style=\"margin-top:0px;margin-bottom:20px;\"><div class=\"fusion-column-wrapper\"><p><iframe loading=\"lazy\" src=\"https:\/\/www.youtube.com\/embed\/knJgtsbJDyc\" width=\"560\" height=\"315\" frameborder=\"0\" allowfullscreen=\"allowfullscreen\"><\/iframe><\/p>\n<div class=\"fusion-clearfix\"><\/div><\/div><\/div><div class=\"fusion-clearfix\"><\/div><\/div><\/div>\n","protected":false},"excerpt":{"rendered":"","protected":false},"author":1,"featured_media":0,"parent":0,"menu_order":0,"comment_status":"open","ping_status":"closed","template":"100-width.php","meta":{"footnotes":""},"class_list":["post-2660","page","type-page","status-publish","hentry"],"_links":{"self":[{"href":"https:\/\/extintoresfirecruzeiro.com.br\/index.php?rest_route=\/wp\/v2\/pages\/2660","targetHints":{"allow":["GET"]}}],"collection":[{"href":"https:\/\/extintoresfirecruzeiro.com.br\/index.php?rest_route=\/wp\/v2\/pages"}],"about":[{"href":"https:\/\/extintoresfirecruzeiro.com.br\/index.php?rest_route=\/wp\/v2\/types\/page"}],"author":[{"embeddable":true,"href":"https:\/\/extintoresfirecruzeiro.com.br\/index.php?rest_route=\/wp\/v2\/users\/1"}],"replies":[{"embeddable":true,"href":"https:\/\/extintoresfirecruzeiro.com.br\/index.php?rest_route=%2Fwp%2Fv2%2Fcomments&post=2660"}],"version-history":[{"count":26,"href":"https:\/\/extintoresfirecruzeiro.com.br\/index.php?rest_route=\/wp\/v2\/pages\/2660\/revisions"}],"predecessor-version":[{"id":10421,"href":"https:\/\/extintoresfirecruzeiro.com.br\/index.php?rest_route=\/wp\/v2\/pages\/2660\/revisions\/10421"}],"wp:attachment":[{"href":"https:\/\/extintoresfirecruzeiro.com.br\/index.php?rest_route=%2Fwp%2Fv2%2Fmedia&parent=2660"}],"curies":[{"name":"wp","href":"https:\/\/api.w.org\/{rel}","templated":true}]}}